 f + 4*t = -7. What are the prime factors of (-2)/(1*f/(-6))?
2, 3
Let t(a) = -a + 3. Suppose 0 = -2*q + 3*p - 2*p - 12, 0 = 2*q + 5*p + 24. Let g be t(q). Let s = 16 - g. List the prime factors of s.
2, 3
Let g(n) = -31*n**2 + 2*n + 1. Let b(c) = -31*c**2 + 2*c + 1. Let m(a) = -4*b(a) + 3*g(a). What are the prime factors of m(-1)?
2
Suppose -10 = -5*w, -3*w + 69 = 4*u - 21. Suppose -u*n + 24*n - 147 = 0. What are the prime factors of n?
7
List the prime factors of -3 - -58*(-28)/(-8).
2, 5
Let h(w) = -w**3 - w**2 + w + 1. Let r be h(-3). Suppose b = -3*b + r. Suppose b*k - 65 - 11 = 0. List the prime factors of k.
19
Suppose 0*i = 3*i - 159. List the prime factors of i.
53
Let c(y) be the third derivative of y**6/120 + y**5/60 + 10*y**3/3 - 6*y**2. List the prime factors of c(0).
2, 5
Let c(b) = b**2 + 6*b - 14. Let i be c(-8). Suppose 4*j - 14 = i*t, -t - 4*t + 5 = 0. List the prime factors of j.
2
Let v = -40 - -63. Let k be 3/9 + (-34)/3. Let l = k + v. List the prime factors of l.
2, 3
Suppose 2*t + f + 8 = 0, t - 3 = -f - 7. Let u = 39 + t. List the prime factors of u.
5, 7
What are the prime factors of 1386/88 - 3/4?
3, 5
Let t = 14 - 10. Let w be (-3)/(t/(8/(-3))). List the prime factors of w + 3 + (1 - -1).
7
Suppose -18*t + 21*t - 273 = 0. What are the prime factors of t?
7, 13
Suppose -64 = -0*c - 2*c. List the prime factors of ((-200)/c)/(1/(-4)).
5
What are the prime factors of 4/(-16) - 1/((-4)/85)?
3, 7
What are the prime factors of (-1159)/(-9) - (-36)/162?
3, 43
Suppose -5*g = 3*r + 33, r + g - 3 = -12. List the prime factors of r/(-1) + -3 - -6.
3
Suppose -4*h - 81 = -5*m, 3*m + 3*h - 40 = -m. List the prime factors of m.
13
Let q = -5 + 5. Let c = 24 - q. What are the prime factors of 152/c - 4/(-6)?
7
Suppose 4*y + m - 103 = -0*y, 2*y - 69 = 3*m. Let t = y + -15. What are the prime factors of t?
2, 3
Suppose 5*g + 13 = -7. Let m = 6 + g. What are the prime factors of 22/(0 + m) - -2?
13
Suppose 3*y - 3*u - 99 = 0, 12 = 4*y + 2*u - 96. Let c = y - 7. What are the prime factors of c?
2, 11
Let z = 10 - -21. Let i = z + -10. List the prime factors of i.
3, 7
Suppose 10 = -5*x - 0*x, 4*s - 10 = x. Suppose -3*p = 2*r - s*p + 87, -p = -5*r - 200. Let z = -27 - r. What are the prime factors of z?
2, 7
Let k be -2 + (-3 + 4)*3. Let n(p) = 19*p**2 + p. What are the prime factors of n(k)?
2, 5
Let r(g) = 6*g**3 - 4*g + 5. What are the prime factors of r(2)?
3, 5
Let h = -28 - -3. Let d be (12/(-10))/(5/h). Suppose -4*w = 5*c - 19, -d*w + w = -c - 31. List the prime factors of w.
2, 3
Suppose 4*l = -5*j - 28, 3*j + l = -14 - 0. What are the prime factors of j/10 + 72/30?
2
Let w(q) = -q - 5. Let o be w(-9). Suppose -b + 2*u + 11 = 0, 4*b + 0*b - o*u = 32. List the prime factors of b.
5
Let x(o) = 4*o**3 + o - 1. Suppose 3*j + 0 = 3. Let c be x(j). Suppose 2*s + s - 11 = a, 24 = a + c*s. List the prime factors of a.
2
Let v = 644 + -308. What are the prime factors of v?
2, 3, 7
Let i = -6 - -10. Let c = 18 - i. Suppose v = -v + c. What are the prime factors of v?
7
Let v(i) = -i + 8. Let x(d) be the second derivative of d**3/6 + 3*d**2/2 - 2*d. Let c be x(3). List the prime factors of v(c).
2
Suppose 5*o + 125 = 2*g + g, 4*o = 4*g - 172. List the prime factors of g.
3, 5
Let n be ((-4)/16 - 0)*-20. Let y(x) = -x**2 + 6*x + 1. List the prime factors of y(n).
2, 3
Let f(n) = -n + 1. Let p(m) = 6*m - 3. Let l(i) = -4*f(i) - 2*p(i). List the prime factors of l(-2).
2, 3
Suppose 2*i - 7*i + 50 = 0. Let q = 20 - i. What are the prime factors of q?
2, 5
Suppose 4*t - 48 = 108. List the prime factors of t.
3, 13
Suppose -48 = -2*p - 8. Let a = -48 - -86. Suppose 5*t + p = 0, 5*j + 3*t = -0*t + a. What are the prime factors of j?
2, 5
Let t = 0 + 0. Suppose t = -5*a - 0 + 5. List the prime factors of 10 + -2 + a + -3.
2, 3
Let v be 2/6 + 4/6. Let k = 1 + v. Suppose k*u + 4 = 3*u. What are the prime factors of u?
2
Let w(s) = -2*s - 4. Let y be w(-4). Suppose -y*q + 60 = -q. Suppose -4*o - 4*n + 56 = o, -2*o - 4*n + q = 0. What are the prime factors of o?
2, 3
Let z(q) = -2*q + 12. Let t be z(0). Let s = t - 2. What are the prime factors of s?
2, 5
Suppose -2*q + 6 = -4*q. What are the prime factors of (1 - -1) + (42 - q)?
47
Let h be (1 + 2)*4/3. Suppose -100 = -4*k + h*s, -k + 45 - 14 = -3*s. Suppose -5*u + k + 48 = 0. List the prime factors of u.
2, 7
Let v(l) = -l + 2. Let j be v(0). Suppose 5*w = -d - j*d + 47, 5*d - 13 = w. Let k = 11 - w. List the prime factors of k.
2
Suppose -c + 4 - 1 = 0. Suppose 0 = c*g - 23 - 79. What are the prime factors of g?
2, 17
Let s be ((-31)/(-3))/((-2)/(-6)). Suppose 49 = 4*p - s. Let c = p + -14. List the prime factors of c.
2, 3
Suppose 0*q + 2*q - 5 = -3*s, 5*q = -10. Suppose v + 2 = 0, -v + 83 = s*m + 4*v. What are the prime factors of m?
31
Let i be (-1 + 13)*(-16)/6. Let q = -248 + i. What are the prime factors of q/(-45) - 4/18?
2, 3
Suppose 4*w = -0*i + i + 38, 0 = 2*i + 2*w + 36. Let c = -13 - i. What are the prime factors of c?
3
Let s = -78 + 110. Suppose 5*o - 83 = s. What are the prime factors of o?
23
Let h(m) = m**3 + 5*m**2 - 3*m - 6. Let w be h(-7). Let r = -50 - w. What are the prime factors of r?
3, 11
Let t(l) = 3*l**2 + 3*l**2 - 3*l**2 - 4*l**2. Let r be t(1). What are the prime factors of r + -1 - (-14 + 5)?
7
What are the prime factors of 5/5*5 + 251?
2
Let d(m) = -m - 5. Let z(v) = 2*v + 14. Let l(u) = -11*d(u) - 4*z(u). List the prime factors of l(8).
23
Suppose -7*g = -3*g. Suppose v - 15 + 3 = g. List the prime factors of v.
2, 3
Let x(c) = -5*c**3 - c**2 - c - 1. List the prime factors of x(-1).
2
Let m(s) = -s**2 + 5*s - 6. Let k be m(4). Let g = k + 9. Let h = g + -2. List the prime factors of h.
5
Let t = 56 + -39. Let r = t - 12. Let a = r + 6. List the prime factors of a.
11
Suppose -9*c = -5*c - 984. List the prime factors of c.
2, 3, 41
Suppose c = -4*c + 10. Let l be 4/10 - (-63)/5. Suppose -c*u = -19 - l. List the prime factors of u.
2
Let p be (1 - -2)/3 + -2. Let l(f) = -f**3 + 5*f**2 - 5*f + 2. Let m be l(4). List the prime factors of 5 + m*p/(-2).
2
Suppose c + 85 = 6*c. What are the prime factors of c?
17
Suppose -184 = -4*b - 2*f, -3*b + 49 = -2*b + 2*f. What are the prime factors of b?
3, 5
Let x = -28 + 34. Let c(h) = 1 - 1 + h + 1. What are the prime factors of c(x)?
7
Let a(x) = -x**2 - 3*x - 1. Let p be a(-2). Let r(y) be the third derivative of y**4/3 + 7*y**2. What are the prime factors of r(p)?
2
Let o = -105 + 164. What are the prime factors of o?
59
Let r = 16 - 9. Let l = 11 - r. Suppose -l*f = -5*a - f + 32, -4*a - 5*f + 33 = 0. What are the prime factors of a?
7
Let a be 18/((0 + 1)/1). Suppose a = -5*k + 123. List the prime factors of k.
3, 7
Let m(x) = 5*x**2 - 6*x + 50. List the prime factors of m(8).
2, 7, 23
Let m(f) = -f + 11. Let c be m(9). Suppose 1 = -3*t + 2*t. List the prime factors of (-3 - t)/c + 5.
2
Let l(y) = -7*y**3 + 7*y**2 + 7*y - 1. Let x(k) = -6*k**3 + 6*k**2 + 6*k - 2. Let p(t) = 5*l(t) - 6*x(t). List the prime factors of p(0).
7
Suppose -2*f + 1 = -f. Suppose -3*b - 16 = -f. Let m(g) = -g**2 - 6*g - 2. What are the prime factors of m(b)?
3
List the prime factors of (-3)/(-9) - (-286)/6.
2, 3
Let q(n) = 3*n**2 + 24*n + 19. Let c(w) = -2*w**2 - 16*w - 13. Let o(i) = -8*c(i) - 5*q(i). List the prime factors of o(-8).
3
Let r be 16/72 + (-673)/(-9). Suppose r = 5*y - 20. What are the prime factors of y?
19
Let u = -20 + 41. List the prime factors of u.
3, 7
Let z = 208 - 133. List the prime factors of z.
3, 5
Let y = -92 + 170. List the prime factors of y.
2, 3, 13
Let p be 3/2*4/3. Let q(d) = -d**2 + 2*d. Let j be q(3). Let i = p - j. List the prime factors of i.
5
Let p = 93 + -6. What are the prime factors of p?
3, 29
Let x = -8 - -7. Let n be (1/x - -1)*1. Suppose k - 5 = -n. What are the prime factors of k?
5
Suppose 0 = -4*c + c + 93. List the prime factors of c.
31
Let a(g) be the second derivative of g**4/12 + 8*g**3/3 + 3*g**2 - 3*g. List the prime factors of a(-16).
2, 3
Let j(d) = 12*d**2 - d - 2. List the prime factors of j(-2).
2, 3
Suppose 114 = 4*g - 210. Suppose -k - 4*p = 7, 4*k - g = 5*p - 4. List the prime factors of k.
13
Let a = -53 - -84. Suppose -2*n + 8 = -2*u + 4*u, -4*n = u - a. What are the prime fact